
True
Does 53 divide 1540332?
False
Is 8 a factor of 1401640?
True
Is 702662 a multiple of 13?
False
Is 12 a factor of 256968?
True
Is 4137562 a multiple of 407?
True
Is 13 a factor of 2083516?
False
Does 26 divide 1936220?
True
Is 143361 a multiple of 24?
False
Is 500 a factor of 5685000?
True
Is 9730970 a multiple of 367?
False
Is 34 a factor of 92431?
False
Is 16 a factor of 554488?
False
Is 205 a factor of 2182430?
True
Does 3 divide 653288?
False
Does 71 divide 116724?
True
Is 435576 a multiple of 78?
False
Is 3364529 a multiple of 182?
False
Is 594520 a multiple of 30?
False
Does 52 divide 15090296?
True
Is 58 a factor of 404666?
True
Does 47 divide 8468424?
False
Does 5 divide 203985?
True
Is 1314715 a multiple of 145?
True
Is 7165631 a multiple of 337?
True
Is 70140 a multiple of 4?
True
Is 1387540 a multiple of 7?
True
Is 7598329 a multiple of 515?
False
Is 57 a factor of 41724?
True
Is 11034741 a multiple of 7?
False
Is 74951 a multiple of 192?
False
Does 7 divide 11102?
True
Is 523 a factor of 368715?
True
Does 31 divide 337749?
False
Is 11968 a multiple of 17?
True
Is 268 a factor of 7850524?
True
Is 10366122 a multiple of 21?
False
Is 486 a factor of 2126806?
False
Is 16 a factor of 3301472?
True
Does 53 divide 19548520?
True
Is 973250 a multiple of 10?
True
Is 4643622 a multiple of 1017?
True
Is 39 a factor of 240513?
True
Is 1929292 a multiple of 78?
False
Is 91056 a multiple of 48?
True
Is 1349 a factor of 13519157?
False
Is 59 a factor of 293997?
True
Is 85629 a multiple of 219?
True
Does 7 divide 523712?
True
Is 7 a factor of 50136?
False
Is 1697975 a multiple of 25?
True
Does 576 divide 6136128?
True
Does 7 divide 21287?
True
Does 198 divide 5613894?
True
Is 4334533 a multiple of 2017?
True
Is 25 a factor of 1803125?
True
Does 34 divide 7603012?
True
Is 576010 a multiple of 264?
False
Is 51 a factor of 2117432?
False
Is 1465590 a multiple of 561?
False
Is 612 a factor of 4296576?
False
Is 289272 a multiple of 3?
True
Is 10400967 a multiple of 73?
True
Does 36 divide 2835036?
True
Is 1011136 a multiple of 148?
True
Is 222 a factor of 3599298?
False
Is 130 a factor of 22333?
False
Is 16 a factor of 94192?
True
Does 38 divide 416914?
False
Does 16 divide 2623952?
True
Is 63561 a multiple of 20?
False
Is 48 a factor of 30672?
True
Is 170 a factor of 2963176?
False
Is 118 a factor of 1265550?
True
Does 157 divide 8349731?
True
Does 31 divide 1920535?
False
Does 9 divide 106218?
True
Is 206 a factor of 43878?
True
Is 55 a factor of 365860?
True
Does 186 divide 290695?
False
Does 18 divide 1640243?
False
Is 34070 a multiple of 304?
False
Is 9 a factor of 7867431?
True
Does 224 divide 88256?
True
Is 6434176 a multiple of 64?
True
Does 13 divide 65017?
False
Does 13 divide 117390?
True
Is 1776178 a multiple of 59?
False
Does 23 divide 194718?
True
Does 46 divide 66424?
True
Is 64588 a multiple of 16?
False
Is 11862940 a multiple of 20?
True
Does 24 divide 3357600?
True
Is 2037 a factor of 2061604?
False
Is 68643 a multiple of 9?
True
Is 8846204 a multiple of 580?
False
Is 4507023 a multiple of 31?
False
Is 139659 a multiple of 31?
False
Is 8 a factor of 98949?
False
Does 394 divide 2928794?
False
Is 105 a factor of 7468650?
True
Does 20 divide 235220?
True
Is 3 a factor of 75909?
True
Is 44228 a multiple of 21?
False
Is 5427 a multiple of 195?
False
Is 41 a factor of 704952?
False
Is 29 a factor of 1272665?
True
Is 3590703 a multiple of 876?
False
Is 5515012 a multiple of 8?
False
Does 163 divide 39619?
False
Is 11602 even?
True
Does 72 divide 9573408?
True
Does 10 divide 387060?
True
Does 487 divide 557891?
False
Does 8 divide 387552?
True
Is 11579313 a multiple of 1908?
False
Does 9 divide 62482?
False
Is 106 a factor of 15019988?
True
Does 37 divide 30080?
False
Does 3 divide 122859?
True
Is 26 a factor of 40965?
False
Is 12 a factor of 518181?
False
Is 2170080 a multiple of 160?
True
Is 526 a factor of 1998800?
True
Does 55 divide 1186822?
False
Is 39 a factor of 221325?
True
Is 619552 a multiple of 9?
False
Is 616275 a multiple of 675?
True
Is 16 a factor of 165189?
False
Does 10 divide 530890?
True
Does 203 divide 3531591?
True
Does 74 divide 533614?
True
Is 6585579 a multiple of 77?
True
Is 17 a factor of 1145103?
True
Does 12 divide 50417?
False
Is 15 a factor of 858000?
True
Does 348 divide 1240968?
True
Is 14 a factor of 10024?
True
Is 596942 a multiple of 257?
False
Is 308085 a multiple of 47?
True
Does 27 divide 278613?
True
Is 19 a factor of 191855?
False
Is 1418356 a multiple of 661?
False
Is 26 a factor of 5857644?
True
Is 12 a factor of 415766?
False
Is 120374 a multiple of 10?
False
Does 1376 divide 2029600?
True
Is 32 a factor of 4502913?
False
Is 10 a factor of 104603?
False
Is 130525 a multiple of 121?
False
Does 13 divide 32851?
True
Is 5442732 a multiple of 16?
False
Is 598975 a multiple of 6?
False
Is 949 a factor of 809901?
False
Is 8010 a multiple of 90?
True
Does 431 divide 6098650?
True
Is 752 a factor of 3199008?
True
Does 81 divide 332262?
True
Is 714617 a multiple of 41?
False
Does 11 divide 169103?
True
Is 129 a factor of 769743?
True
Is 134886 a multiple of 17?
False
Does 1875 divide 8259375?
True
Is 652769 a multiple of 228?
False
Does 78 divide 5041998?
True
Is 4 a factor of 47951?
False
Does 5 divide 304112?
False
Is 17 a factor of 215560?
True
Is 28 a factor of 14841645?
False
Is 97454 a multiple of 2?
True
Does 521 divide 5212084?
True
Is 201572 a multiple of 29?
False
Does 40 divide 3031770?
False
Is 745 a factor of 106814?
False
Is 27 a factor of 760579?
False
Does 65 divide 24501?
False
Is 35634 a multiple of 3?
True
Is 41 a factor of 4417012?
True
Does 50 divide 1204680?
False
Is 221463 a multiple of 33?
True
Is 876135 a multiple of 27?
False
Is 1030 a factor of 12955340?
True
Does 6 divide 25404?
True
Is 8511382 a multiple of 242?
True
Is 21 a factor of 97666?
False
Is 426474 a multiple of 18?
True
Does 129 divide 593592?
False
Is 46 a factor of 350403?
False
Is 1671141 a multiple of 277?
True
Does 15 divide 5338?
False
Is 6 a factor of 708773?
False
Does 4 divide 1876?
True
Is 54 a factor of 465372?
True
Is 272 a factor of 512720?
True
Is 74 a factor of 972706?
False
Does 6 divide 418797?
False
Is 34 a factor of 81143?
False
Is 87669 a multiple of 54?
False
Is 245 a factor of 4902805?
False
Is 2026394 a multiple of 1080?
False
Does 31 divide 79427?
False
Is 3747828 a multiple of 28?
True
Does 18 divide 954544?
False
Is 25333308 a multiple of 333?
True
Is 17 a factor of 9565622?
False
Is 12649727 a multiple of 43?
False
Is 8 a factor of 490546?
False
Is 378065 a multiple of 273?
False
Is 15 a factor of 274675?
False
Does 4 divide 3093?
False
Does 65 divide 458380?
True
Does 83 divide 12168166?
False
Is 3383113 a multiple of 18?
False
Is 13 a factor of 1171457?
False
Does 149 divide 111601?
True
Is 30 a factor of 3598?
False
Is 936281 a multiple of 61?
False
Is 22 a factor of 1520911?
False
Is 360909 a multiple of 221?
False
Is 6731318 a multiple of 1219?
True
Is 191 a factor of 76209?
True
Does 27 divide 2829546?
True
Is 18 a factor of 179100?
True
Does 6 divide 188549?
False
Is 8 a factor of 12722104?
True
Does 41 divide 2149547?
False
Is 60 a factor of 34591?
False
Is 135772 a multiple of 182?
True
Is 1561644 a multiple of 12?
True
Is 9 a factor of 63882?
True
Is 492044 a multiple of 152?
False
Does 39 divide 8385?
True
Is 169 a factor of 11458515?
False
Does 264 divide 98883?
False
Is 5 a factor of 154855?
True
Is 36 a factor of 2487316?
False
Does 11 divide 209767?
False
Does 85 divide 205955?
True
Is 22 a factor of 370634?
True
Is 332388 a multiple of 43?
False
Does 861 divide 22168?
False
Is 5877805 a multiple of 433?
False
Is 337 a factor of 608611?
False
Does 199 divide 347255?
True
Is 110005 a multiple of 245?
True
Is 511 a factor of 7011396?
False
Is 30 a factor of 294709?
False
Is 683717 a multiple of 4?
False
Is 1206909 a multiple of 9?
True
Is 244 a factor of 21257?
False
Is 7 a factor of 63359?
False
Does 191 divide 1158797?
True
Is 449113 a multiple of 4?
False
Is 12 a factor of 143904?
True
Is 44 a factor of 260447?
False
Does 9 divide 74541?
False
Is 63440 a multiple of 3?
False
Is 12 a factor of 1679640?
True
Is 49 a factor of 7790749?
False
Is 931011 a multiple of 214?